Let r(o) = -3837*o - 2936. What is the tens digit of r(-5)?
4
Suppose -3*m - 957 = 4*f, 3*f + 9*m + 715 = 4*m. Suppose -3*q + 294 = -3*p, 6*p - p + 4*q + 463 = 0. Let u = p - f. What is the hundreds digit of u?
1
Suppose -6*w + 4*w + 166 = 0. Suppose 25 = -5*h, 6*m - 3*m - 4*h - w = 0. What is the tens digit of ((-28)/m)/(-2*2/186)?
6
Suppose -2*i + s + 3 = 0, 3*s + s = -2*i + 18. Let y(x) = -7*x**i + 5 + 3*x + 20*x**3 - 10*x**2 - 15*x**3. What is the tens digit of y(-6)?
5
Let c(o) = -16*o + o**2 + 24 - 7*o + o. Let i be c(-17). Suppose -10*k + i = -413. What is the tens digit of k?
1
Suppose 0 = -2*o - b - 17, 4*o = -0*o - 3*b - 29. What is the tens digit of o*(-10 + 6 - 45)?
3
Suppose -j + 74 = 5*k + j, -4*k + 4*j = -48. Let a(u) = -k + 6*u + 1 + 33 + 15*u**2. What is the units digit of a(-4)?
6
Let v be 351/21 + 4/14. Suppose -5*n = 5*l - 80, -15*l + 13*l + 3*n + 17 = 0. Suppose -l*h + v*h = 32. What is the units digit of h?
8
Let j(g) = -2*g**2 - 261*g + 279*g + 7 + g**2. Let c be j(17). Suppose -o + c = o. What is the tens digit of o?
1
Suppose -136*q + 422156 - 113436 = 0. What is the thousands digit of q?
2
Suppose -143*w - 1042092 = -13215968. What is the tens digit of w?
3
Let k(o) = -9*o - o**2 + 16*o - 3 + 14*o. Let f(g) = g**2 + 9*g - 389. Let a be f(16). What is the tens digit of k(a)?
0
Suppose -7*o + 4*o = -330. Suppose 0*p - 2*p = o. Let d = 43 - p. What is the tens digit of d?
9
Let d be (-4 - -2)/(4/6). Let u be (-2)/9 + (d - (-133)/(-9)). Let o = 71 + u. What is the units digit of o?
3
Suppose 12*q + 411077 - 10842666 = -121*q. What is the thousands digit of q?
8
Suppose -5*f + 16 = -7*f. Let w(u) = 7*u - 1 - 5*u - 6*u + 20. What is the units digit of w(f)?
1
What is the ten thousands digit of ((-384)/78 - -5) + (-6179427)/(-247)?
2
Let s(n) = -60 - 13 - 21 - 28 - 134*n. What is the hundreds digit of s(-6)?
6
Suppose 0*k - y = 2*k - 32, 48 = 4*k - 2*y. Suppose 26 - k = -6*t. Let g(o) = 53*o**2 - 4*o - 4. What is the hundreds digit of g(t)?
2
Let r = -290 - -274. Let x(h) = h**3 + 16*h**2 - 7*h - 12. What is the tens digit of x(r)?
0
Suppose 2*o - 5*r = -0*r - 1430, 5*r = o + 725. Let j be 2/(-15) - o/225. Suppose 3*k + w = -j*w + 295, 3*w = 3. What is the tens digit of k?
9
Let r(x) = -4*x - 31. Let o(n) = -16*n - 123. Let d(c) = 2*o(c) - 9*r(c). Let y = 10 - -12. What is the tens digit of d(y)?
2
Let v(w) = 4*w**2 - 2*w + 18*w**2 - 2 - 6*w**2 + 2. Suppose -7 = -5*s - 2. What is the tens digit of v(s)?
1
Suppose -4*z - 2*h = -29178, 3*z + 9*h = 11*h + 21873. What is the tens digit of z?
9
Suppose -4*z - 12 = d - 0*d, -4*d - 2*z + 8 = 0. Let m be (d/10)/1*(-20)/(-2). What is the units digit of 6/2*m/12?
1
Let l = -133 + 138. Suppose -4 = l*p + 6, 5*u - 5*p = 40. What is the units digit of (-27100)/(-120) - (-1)/u?
6
Suppose -2*i - 4674 = 6022. What is the hundreds digit of i*(161/28 - 6)?
3
Let q(j) = -j**2 - 4*j + 57. Let c be q(-13). What is the tens digit of (1 - 1909)*c/120?
5
Let r(w) = -w**2 + 11*w + 2. Let b be r(0). Suppose b*g - 1149 = 159. What is the hundreds digit of g?
6
What is the hundreds digit of (560/36)/(134/115173)?
3
Let c(x) = x**3 + 12*x**2 + 32*x - 14. Let b be c(-7). Suppose 0 = -4*o - 4*f + 3808, -6*o + 5*f = -b*o + 972. What is the tens digit of o?
4
Let s(i) = 38*i + 439. Let q be s(-12). Let f be 2/(-7) + 670/(-7). Let c = q - f. What is the tens digit of c?
7
Suppose -105 = 5*l + 2*s, 5*s - 44 - 40 = 4*l. Let r be -4*(417/(-36))/(2/(-6)). Let b = l - r. What is the hundreds digit of b?
1
Let z be (-576)/72*11230/4. What is the hundreds digit of z/(-52) + (-3)/(-39)?
4
Suppose 482132 = 379*s - 338*s - 130859. What is the hundreds digit of s?
9
Let u(a) = -3*a**2 + a + 93. Let x(m) = m**2 - 31. Let r(v) = -6*u(v) - 17*x(v). What is the units digit of r(12)?
1
Let p(q) = 2469*q + 14255. What is the units digit of p(12)?
3
Let a be 2/3 - 160/60. Let t be ((-4)/a)/((-6)/(-981)). Suppose -93 = -4*i + t. What is the units digit of i?
5
Suppose -1453*h + 275806 = -1448*h + 15956. What is the tens digit of h?
7
Suppose 0 = 4*x - x + 81. Let i = 32 + x. What is the units digit of i/4 + -1 - (-7100)/80?
9
Let o = 105 + -98. Suppose -o*u + 8 = -370. What is the tens digit of u?
5
Let l(t) = 172 - t**3 + 0*t**3 - 9*t**2 + t - 178 + 2*t**3. Let m be l(9). What is the hundreds digit of (-4 - 0/m) + (143 - 15)?
1
Suppose -3*w = -430 - 254. Suppose -w = d - 640. Suppose k - 3*k + d = 0. What is the units digit of k?
6
Let d be 2142/70 - (-2)/5. Suppose -19 = 10*z + d. What is the units digit of z/(-2)*((-374)/(-5) + -4)?
7
What is the hundreds digit of (-39)/(-3) + (12915 - -17)?
9
Let f = 5510 + -740. What is the thousands digit of f?
4
What is the hundreds digit of (-4)/((-140)/291525) - (24/42)/2?
3
Let p = -83 + 87. Suppose 3*f = p*w + 444, -5*f - 168 = 2*w - 908. Suppose 5*v + 88 + f = g, -3*v = 2*g - 407. What is the hundreds digit of g?
2
Let i(w) = -w**2 + 10*w - 16. Let k be i(6). Suppose k + 5 = g. Suppose 1904 + g = 9*a. What is the tens digit of a?
1
Let t = 30732 - 17905. What is the hundreds digit of t?
8
Suppose -107*x + 59*x + 501072 = 0. What is the hundreds digit of x?
4
Let n(l) be the first derivative of l**4/4 - 7*l**3/3 - 5*l**2/2 + 2*l + 16. Let z be n(6). What is the tens digit of -4 + z/(-6)*6?
6
Suppose -8 = -4*g + 2*z - 22, g + 3 = z. What is the tens digit of g/6*((-76755)/(-14))/(-17)?
1
Let i(d) = -3*d**3 + 14*d**2 - 10*d - 182. What is the tens digit of i(-13)?
0
Suppose -3*u - g = -417, -5*g + 685 = 2*u + 3*u. Let v be (u/(-8))/((-2)/4). Suppose v*s - 492 = 32*s. What is the tens digit of s?
6
Suppose 5*o = -0*o - 2*t + 29828, -4*o - t = -23863. What is the tens digit of o?
6
Let i(k) = -k**3 - 6*k**2 + 7*k + 4. Suppose y - 4*d = -11, 9 = -4*y + 2*d - 21. Let v be i(y). Suppose -4*x + 140 = -v. What is the units digit of x?
6
Let p(q) = -2*q**2 - 53*q + 15. Let f be p(-25). What is the units digit of (-7262)/(-14) + f/315?
9
Suppose 10*r + 12*r = -8*r - 30. Let t(f) = -109*f + 2. Let c(x) = -108*x + 3. Let h(y) = 4*c(y) - 3*t(y). What is the tens digit of h(r)?
1
Suppose 5*z + 4*t = 26888, -5*z = -10*t + 13*t - 26891. What is the units digit of z?
0
Let r(l) = 8*l - 15*l + 9*l + 40 + 78 + 2*l**2. What is the tens digit of r(0)?
1
What is the tens digit of (-536)/1072*(-43137 + 1)?
6
What is the units digit of (189772/60)/1 - (-32)/240?
3
Let d(t) = 42*t**2 + 3*t - 4. What is the units digit of d(3)?
3
What is the tens digit of -1 - 774345/(-121) - (-18)/(-33)*1?
9
Let j = -108 - -10. Let f = 258 + j. What is the tens digit of f?
6
Let x(o) = o**3 - 9*o**2 + 19*o. Let t be x(6). What is the hundreds digit of (t - 0) + (-8372)/(-26)?
3
What is the units digit of ((5/40*12)/1)/((-3)/(-18494))?
7
Let v(d) = 1343*d**3 - 8*d**2 + 404*d - 1206. What is the hundreds digit of v(3)?
1
Let u(h) be the third derivative of 13*h**5/60 - 7*h**4/24 - 2*h**3 - 3*h**2 - 3*h. What is the tens digit of u(-5)?
4
Suppose q - 12*q = 33. What is the units digit of ((-1)/q)/((-7)/(-4557))?
7
Let h(n) = 11*n - 25. Let w be h(4). What is the tens digit of -3 - -18*w/2?
6
Let v = -1280 + 1925. Let s = -406 + v. What is the units digit of s?
9
Let h = 31 + -37. Let p be 1040/(-5)*1/((-8)/h). Let r = p + 307. What is the units digit of r?
1
Let o = 65 + -69. Let w = 0 - o. What is the tens digit of ((-54)/4)/(w/(-32))?
0
What is the tens digit of 28010047/1482 + (-10)/(-12)?
0
Let k(v) = 192*v - 186. Let n be k(9). Let z = n - 775. What is the units digit of z?
7
Let d be -42 - -35*10/(-35). Let n(l) = -l**3 - 4*l**2 + 3*l - 5. Let i be n(-5). What is the units digit of (d - -1)*(i - 6)?
1
Let w = 18 - 6. Let x be w/24 - 2/4. Suppose x = -6*f + f + 255. What is the tens digit of f?
5
Let q(a) = 2*a**2 - 8*a - 14. Suppose 0 = -d - 5*z - 19, 5*d = d + 2*z - 10. What is the units digit of q(d)?
0
Let v = -643 - -385. Let f be (35/10)/((-3)/v). Suppose f = -5*i + 12*i. What is the tens digit of i?
4
Let y = -307 + 45956. What is the thousands digit of y?
5
Let f = 37784 + -13900. What is the tens digit of f?
8
What is the hundreds digit of 25 - ((12 - 70153) + -13)?
1
Let a = -167 + 307. Let f = 443 - a. What is the tens digit of f?
0
Suppose 8*d + 4*b - 413456 = 0, -b = -5*d + 250706 + 7718. What is the thou